14*h**2 + 3*h - 34. Suppose -2*t = -4*l + 6, 17 + 0 = t + 2*l. Is j(t) a prime number?
True
Let p = 401868 - -107449. Is p a prime number?
True
Suppose 5*i = -32 + 7, -i + 173081 = 2*c. Is c prime?
False
Let q = 25973 - 17554. Is q prime?
True
Let u(x) = -x + 12. Let t be u(9). Suppose 2*c - 3298 = -t*z, -5*c + 7*z = 3*z - 8291. Is c a composite number?
True
Is 11/(286/4) + 415048/104 composite?
True
Let c = 40 + -38. Suppose c = -8*r + 26. Suppose 3*n + m - 752 = 0, r*m = n - m - 255. Is n prime?
True
Suppose 0 = 3*c + 4*p - 36, 3*p = -2*p + 15. Suppose 0 = -c*g + 7*g + 6879. Is g composite?
True
Let j be (-185)/2 + 2/4. Let l = -1126 + 1225. Let p = l + j. Is p prime?
True
Let q = 30 - 72. Let y be 9/(-5) - (q/15 + 3). Is 4535/(-10)*(0 + y) prime?
True
Suppose 2*k - 4*y - 46 = 4*k, -k - 26 = y. Let a = k - -29. Is (2 - a) + 0 + 12 + 209 a prime number?
True
Suppose 15 - 38 = -v + 4*o, -o - 32 = -4*v. Suppose 5*l - 66435 = 5*b, 5*b - 53145 = -4*l + 6*b. Suppose 3199 = -v*k + l. Is k a prime number?
False
Let d(p) = 3*p**3 + 18*p**2 - 18*p - 3. Let t be d(18). Let z = -15440 + t. Is z a composite number?
False
Let a = 45 - 15. Suppose 6*j - 12*j + a = 0. Suppose 5*q - t = -0*t + 553, -j*q + 3*t = -549. Is q prime?
False
Suppose -12*d = -68 - 76. Is 8/d*51447/22 composite?
False
Let v(j) = -j**2 + 20*j + 37. Let i be v(22). Let y(s) = -1001*s + 62. Is y(i) composite?
False
Is (-1 + 13595/4)*13*(-68)/(-221) a prime number?
True
Let c be 16 + 3/((3 - 5)/(-2)). Let h(i) = c - 8 + 2 - 21*i. Is h(-10) composite?
False
Let h(c) = 810 - 9*c**2 - 1592 + 807 + c**3. Is h(23) composite?
True
Let x be (-492)/(-36) + ((-4)/(-6))/2. Let z be 7*((-38)/x - -3). Is (1 + 0/z)*409 a composite number?
False
Let a(q) = -3 + 4 + 87*q**2 + 1 + 2. Let j be a(-8). Suppose -4*u = -0*u + 4*w - j, 4*w = -3*u + 4175. Is u a prime number?
False
Let y(d) be the second derivative of -974*d**3 - 239*d**2/2 + 3*d - 17. Is y(-4) prime?
False
Suppose -3*k + 173 - 11 = 0. Suppose -k*m + 3781 = -35*m. Is m prime?
True
Let g(v) = 14*v**3 - 35*v**2 - 122*v - 98. Let u(s) = -5*s**3 + 12*s**2 + 41*s + 33. Let p(i) = 4*g(i) + 11*u(i). Is p(15) prime?
True
Let r = 39292 + 201259. Is r a composite number?
False
Suppose -5*c = 5*z, -5*z - 6 = -4*c - 42. Let s(d) = 59*d + 33. Is s(z) composite?
False
Let z = 128 + -123. Suppose -d = -z*g + 17439, 3*d - 2*d = 4*g - 13952. Is g prime?
False
Let q(c) be the second derivative of -31*c**3/3 - 197*c**2/2 - 55*c. Is q(-18) a composite number?
False
Let i(z) = 953*z - 4178. Is i(5) a prime number?
True
Suppose 17*o = 3*o + 140. Suppose -12256 - 3174 = -o*h. Is h a prime number?
True
Suppose 214375367 = 772*o - 1218380902 + 112376105. Is o composite?
False
Let m(i) = 24897*i - 1782. Is m(53) prime?
False
Let y be -9*(-2)/(-12)*-14. Suppose -2*d + 3 = -y. Is (1 + 1)*d/(-24) + 1595 a prime number?
False
Let b(o) be the second derivative of -o**4/12 - o**3 + 49*o**2/2 + 7*o. Let y be b(-11). Is 33766/22 + (-1)/33*y a composite number?
True
Let u be (0 + 1 + -1)/2. Suppose -23511*a + 69 = -23488*a. Suppose 2*i = -2*k + 1386, 0 = -a*k - u*k + i + 2071. Is k composite?
False
Let l = 48551 + 65600. Is l a prime number?
False
Suppose 4*i + 3629 = -i + y, 5*i = 3*y - 3627. Let n = 816 - 2099. Let h = i - n. Is h prime?
True
Suppose 16*j - 4*w - 8 = 12*j, 5*j - 10 = -5*w. Is (j*13726)/(6 + -2) a prime number?
True
Suppose 5*q + 15 = 5*p, -p + 0*q = 3*q + 1. Suppose 6*m - 3*m = p*s - 7381, 2*s = -5*m + 7405. Is s composite?
True
Let q(g) = -g**3 + 4*g + 921. Suppose -3*m + 7 = 2*l, l + 3*l + 2*m - 10 = 0. Suppose l*p + 3*k = -9, 3*p - 5*k - 15 = -0*p. Is q(p) composite?
True
Let f(u) = -328*u + 141. Is f(-7) a prime number?
True
Let d be (-30135)/42 - (-2)/(-4). Let y = d - 723. Let a = y - -2063. Is a a composite number?
True
Suppose 201*z - 207*z + 90 = 0. Suppose -33894 = 12*h - z*h - 3*x, -2*x = -5*h + 56497. Is h prime?
True
Let n(t) = -t**3 + 22*t**2 + 6*t - 7. Let f(b) be the third derivative of -b**5/60 + b**4/24 - b**3/6 + 21*b**2. Let w(i) = -6*f(i) - n(i). Is w(18) prime?
False
Let f = 37006 + -41. Is f a composite number?
True
Is (-7)/2 + (20804220/24)/41 a prime number?
True
Suppose -5*r = 31*r + 1799999 - 7063235. Is r prime?
False
Let u(p) = -p**3 + p**2 - 2*p + 11200. Let y be u(0). Let c = y - 7932. Is (-78)/130 + c/5 composite?
False
Let p(v) = 87*v + 23. Let c be (5 - (-30)/(-8))*4. Is p(c) composite?
True
Is 6/(-21) + ((-38957688)/(-98))/12 prime?
False
Is 431*-4*-322*10/560 composite?
True
Suppose 6*h = -14*h + 560. Suppose -39*u = -h*u - 7447. Is u a prime number?
True
Let b = -452456 + 1075671. Is b a prime number?
False
Let x = -111 - -188. Let p = -73 + x. Suppose -s = p*m - 87, -5*s - 114 = -7*s + 4*m. Is s prime?
True
Let d = -773902 + 1222589. Is d a prime number?
True
Suppose 7*t = 2*t. Suppose 254 + 218 = -5*x - m, 3*m + 276 = -3*x. Is 14*(t + x/(-10)) a prime number?
False
Let y = -2543 + 15846. Let t = y - 7530. Is t a composite number?
True
Let a(q) = q**2 + 8*q + 1. Let b be a(-10). Is (-3114)/(-14) - (-12)/b a composite number?
False
Suppose 86393 = 599*u - 580*u. Is u a prime number?
True
Suppose -1194615 - 1201966 = -11*j. Is j a composite number?
True
Let i be 721*-1*(-2 - -1). Let u = i - 355. Suppose 2*t + u = 4*t + z, 5*t = -z + 909. Is t a composite number?
False
Suppose 74715 = 3*h + x, -18*h - 2*x + 99616 = -14*h. Is h prime?
True
Let b(i) = 2*i**3 - 4*i**2 + 7*i - 15. Let y be b(8). Let h = 1873 + y. Suppose 18*w - h = 12*w. Is w a prime number?
False
Let f = -29 + 9. Let i be f/(-5) - (14 + -1). Let t = 254 - i. Is t a prime number?
True
Let y(a) = 7*a**2 - 48*a - 9. Let d be y(7). Let h be ((-12463)/(-22))/((d/2)/(-6)). Suppose -4*s + h - 707 = 0. Is s prime?
True
Let j be 8 + (1 - 0 - (-1 + -1)). Is (245502/(-22) + 2/j)/(-1) composite?
False
Suppose 30 = -4*h + 30. Suppose r - 5*u - 2090 = 0, 2517 = 3*r + 5*u - 3713. Suppose -4*g + 5*x + 4161 = h, 3*g + r = 5*g - 2*x. Is g prime?
True
Let r be -2 + (-1272)/(-108) + (-2)/(-9). Suppose 23*u - r*u = 66703. Is u composite?
True
Is (471113/(-2))/(47/(-94)) a composite number?
True
Suppose 286 = 2*a + 11*a. Let g(y) = -y**3 + 29*y**2 + 71*y + 35. Is g(a) a prime number?
False
Let g = -304 - -571. Let j = 172 - g. Let f = j + 164. Is f prime?
False
Let o be (44/36 - 1) + (-6)/27. Suppose -8*p + 382292 = -4*p + 3*s, 4*p + s - 382300 = o. Is (-4)/10 - p/(-40) a prime number?
True
Let r(o) = -6 + 6 - 2 - 213*o - 2. Suppose 5*c = u + c + 5, 5*u + 4*c = -25. Is r(u) a prime number?
True
Let f(h) = h**3 - 7*h**2 - 33*h + 1. Suppose 2*r = -3*s + 19 + 29, -3*r = 0. Is f(s) composite?
False
Suppose -4*o + 6*o = -4*o. Suppose o = n - 245 - 1266. Is n a composite number?
False
Let q be -4 - -478*21/14. Suppose -3353 = -3*f + 2*s, -3*f - 5*s - q = -4059. Is f a composite number?
False
Suppose 5*s - 362326 = -13*s + 16*s. Is s a prime number?
False
Let g(f) = 2*f + 27. Let w be g(-12). Let r be (3 - 1473/(-18)) + w/18. Let s = r - 74. Is s a prime number?
True
Let b(c) = 3351*c + 15556. Is b(51) prime?
False
Let g = 671716 - 412829. Is g a prime number?
True
Suppose 5*a + 5*w = 15, 3*a - 5*a + 6 = -3*w. Let s = -1594 + 1598. Is 187*(0 + (s - a)) prime?
False
Is (-18 - 546/(-30))/(1/218455) a composite number?
False
Let h(k) = 20*k**2 + 469*k - 2303. Is h(130) a prime number?
True
Let y be (1 + (-10)/8)*-164. Let p = y - 31. Is 223/2*20/p a composite number?
False
Suppose 33*u = -4*o + 38*u + 12527603, o - 3131902 = u. Is o a composite number?
True
Suppose 0*k - 2*k - 1465555 = -3*c, -4*c - 14*k = -1953940. Is c a prime number?
True
Let i(f) = -10*f**2 + 7*f**2 - f + f**2 - 10*f. Let m be i(-5). Let x(g) = 65*g**2 + 7*g - 3. Is x(m) composite?
False
Is 614562 - 80/(-48)*(-6)/10 a prime number?
True
Let m(b) = 106*b + 2. Let y be m(-1). Is (-4)/(-26) - 941496/y a composite number?
True
Suppose 0 = 23*o - 25758 - 462. Suppose -4*q = -o - 632. Is q a prime number?
True
Suppose 2625032 - 4522161 - 6890300 = -9*b. Is b a composite number?
True
Suppose -2*g = -3*u - 18 + 12, 4*u + 3 = g. Suppose 3*t - 452 = 5*x - u*x, 3*x = -3. Is t a prime number?
True
Suppose 2*r - 2*z - 101188 = 0, 2*r + r + 2*z - 151792 = 0. Suppose -19*k + 34543 = -r. Is k composite?
False
Suppose 19*b + 148 = 4